b = -f*b - 272. What is the tens digit of b?
6
Let i be 2/(-7) - 130/(-105)*-213. Let q = 660 + i. What is the units digit of q?
6
Let p(z) = 203*z + 611. What is the thousands digit of p(26)?
5
Suppose 0 = -2*c - 0*n + 2*n - 6, -n + 7 = -3*c. Let u be -4 - 492/(-18)*(c + 5). Let o = u - 11. What is the units digit of o?
7
Let o = 4692 + 4791. What is the hundreds digit of o?
4
Let z be (-2)/(-14) + 4268/308. Suppose 46*j - 43872 = z*j. What is the units digit of j?
1
Suppose -23250 - 77018 = -7*s. What is the thousands digit of s?
4
Suppose 3*b + 2*l = 75046, 77630 = 3*b - l + 2563. What is the tens digit of b?
2
Suppose 2719 = 6*g + 4*g - 2631. What is the hundreds digit of g?
5
Let d(k) = 3*k - 2. Let i be d(2). Let f = -154 - -269. Suppose -4*v + 5*j = -f, -2*v + 4*j + 60 = i. What is the tens digit of v?
3
Suppose 0 = 2*u + c - 189, 6*u - c = u + 476. Let a = 318 - u. What is the tens digit of a?
2
Suppose 5*m - 27 - 41 = -2*g, -4*g = -16. Suppose -m*i = 31*i - 68757. What is the tens digit of i?
9
Let i be 12 + (-1 + 3)*-2. Suppose i*s = -1309 - 147. Let k = s - -318. What is the units digit of k?
6
Suppose -4*u - 2 = 5*m - 3*m, 5*u + 5*m = -5. Suppose 3*t - r - 98 - 5 = u, -41 = -t - r. Suppose 0 = -41*d + t*d + 780. What is the tens digit of d?
5
Let v = 135 + -232. Let g = v + 125. Let d = g - -12. What is the tens digit of d?
4
Suppose -9*s = -7*s - 98. Suppose -3*b = w - 2*w + s, -3*w + 140 = -2*b. Let o = 140 - w. What is the tens digit of o?
9
Suppose -70*w + 3060302 = 861313 - 580011. What is the hundreds digit of w?
7
Let y = -64 - -88. Let j(u) = u**3 - 23*u**2 - 18*u - 31. What is the hundreds digit of j(y)?
1
Let d be (11 + -50)*292/(-12). What is the hundreds digit of 2*(-2 + d)/((-34)/(-17))?
9
Let i(l) = 236*l**2 - 111*l - 8. What is the hundreds digit of i(-5)?
4
Suppose 9*h - 404 - 244 = 0. Suppose 3*v = 5*u + h - 381, 4*u - v - 250 = 0. Suppose 3*y + u - 501 = 0. What is the units digit of y?
6
Suppose 29*x - 6112 - 319973 - 27106 = 0. What is the hundreds digit of x?
1
Let l(i) = 6*i**2 + 327*i + 481. What is the thousands digit of l(-62)?
3
Let t(f) = -7493*f**3 + 7*f**2 - 117*f - 258. What is the tens digit of t(-2)?
4
Let q(i) = -9*i + 4*i + i + 3*i**2 + 3*i**3 - 2*i**3. Let j be q(-4). Suppose j = 2*y - 2*v - 492, 4*y + 4*v - 986 = 6*v. What is the units digit of y?
7
Let k = 157 + -198. Let o = k + 122. What is the tens digit of o?
8
Suppose 2*r - 10 = -2*r + 2*d, 4*d = 2*r - 8. Suppose r*n + 9180 = 19*n. What is the hundreds digit of n?
5
Let d(b) = -10*b - 15. Let v be -14 + -2*(-4)/(-8). Let p(k) = -k**2 - 12*k + 22. Let r be p(v). What is the units digit of d(r)?
5
Let n(o) = 19*o**2 - 15*o + 138. What is the thousands digit of n(12)?
2
Let l be 9/(6/12 + -1). What is the tens digit of 29/((l/(-102))/3)?
9
Suppose -3*t - 128 = 4*a, 0 = 4*a - 3*a - 5*t + 55. Let c = a + 37. What is the tens digit of c*(102/4 + 4)?
5
Let v = 112147 + -75237. What is the ten thousands digit of v?
3
Let f = 38222 + -20975. What is the units digit of f?
7
Suppose -22*b + 21*b - o = 2, 4*o + 8 = -5*b. Suppose b = 4*j - 282 - 7006. What is the thousands digit of j?
1
Suppose 22298 = 5*n - 3*o, -6*o = -5*n - 2*o + 22299. Let k = n - 2716. What is the thousands digit of k?
1
Suppose v - 7 - 358 = 0. Let u = 1453 - v. Suppose -6*k + u = 10*k. What is the tens digit of k?
6
Suppose 41*u - 179961 + 7105 = 0. What is the thousands digit of u?
4
Let n(d) = 45*d**2 + 111*d - 20. What is the units digit of n(8)?
8
What is the tens digit of (-5)/3 + (-4235864)/(-138)?
9
Let p be 0 - 1/((-3)/3). Let b be ((-6)/(-4)*-1)/((-5)/(-10)). What is the hundreds digit of (b - 0)*p - (-120 + 5)?
1
Let t = 3 - 0. Let x(i) = -17*i - 2 + 18*i - 11*i + 12*i**2 + 9*i. What is the units digit of x(t)?
3
Suppose -4*k - 5*c = -43222, -2*k + 15894 + 5726 = c. What is the ten thousands digit of k?
1
Let w = -2 + 4. Let p(t) = 94*t + 379. Let f be p(-4). Suppose -4*h + 6*z + 212 = w*z, -3*z + 141 = f*h. What is the units digit of h?
0
Let l = -6874 + 18390. What is the thousands digit of l?
1
Suppose -2676*r - 87983 = -2683*r. What is the units digit of r?
9
Suppose -4*x + 44 = -2*x. Let q(p) = x - 2 + 12 + 2*p. What is the tens digit of q(8)?
4
What is the thousands digit of (-2694)/((-36)/(-24) - (-6)/(-8)*4)?
1
Let g(b) = -b**2 - 14*b - 39. Let k be g(-9). Suppose 0 = -9*f + k*f + 54. Let w(y) = -y**3 + 19*y**2 - 14*y - 22. What is the units digit of w(f)?
0
Let m = 113 + 10. Let b(j) = j**2 - 2*j + 4. Let a be b(4). What is the units digit of 6/a + m/2?
2
Suppose -119*p = -182*p + 941724. What is the ten thousands digit of p?
1
Let u = 9626 + -5689. What is the units digit of u?
7
Suppose 83*q - 275723 = 97611. What is the hundreds digit of q?
4
Suppose -5*r + g = -12 + 2, 2*r - 4 = -3*g. Suppose 0 = -3*x + 12, h = r*x + 2*x + 303. Let j = -136 + h. What is the tens digit of j?
8
Let u(x) = 322*x - 12. Suppose -3*r - 4 = 8, -16 = 2*o + 5*r. What is the hundreds digit of u(o)?
6
Let w = -3901 - -5949. Let z = 6294 - 6285. Suppose -w = -z*s + s. What is the units digit of s?
6
Suppose 2*w - 22 = -0*w. Let h(k) = 2*k + 49. Let v(x) = -x - 1. Let d(u) = h(u) + 3*v(u). What is the units digit of d(w)?
5
Suppose -37*d + 34*d = 6. Let p(m) = -27*m**3 + 5*m**2 + 2*m - 1. Let o be p(d). Let b = -133 + o. What is the units digit of b?
8
Let q = 567 - 563. What is the hundreds digit of (2 - q) + 611 + (-6 - -6)?
6
Let i = 49148 + -31687. What is the hundreds digit of i?
4
Let q be (-6)/(-18)*(-2 + 3 - 1). Let t = q - -5. Suppose 372 + 33 = t*g. What is the tens digit of g?
8
Let i(s) be the first derivative of 19*s - 28 - 7/2*s**2 - 5/3*s**3 - 1/4*s**4. What is the units digit of i(-8)?
7
Suppose -9*d + 25*d = 77504. Suppose 0 = -6*y + d - 356. What is the units digit of y?
8
What is the units digit of (11/44)/((-6)/(-14208))?
2
Suppose 1585 = -0*a + 5*a. Suppose -2*q - 5*o = 141, q - 5*q - 3*o = a. What is the units digit of (-1 + 2 - q) + (-8)/(-4)?
6
Suppose -3 = 173*c - 174*c, 2*s + 4*c - 38522 = 0. What is the thousands digit of s?
9
What is the ten thousands digit of ((-2368)/(-740))/(2/17410)?
2
Suppose 0 = 2*q + 5*o - 714, -3*q = 40*o - 43*o - 1113. Let b = 1037 + q. What is the tens digit of b?
0
Let o(n) = -4*n**3 - 19*n**2 + 15*n - 120. Let s(h) = -h**3 - 7*h**2 + 5*h - 40. Let v(l) = 2*o(l) - 7*s(l). What is the units digit of v(10)?
0
Let c = -4879 - -1559. Let p = c + 4897. What is the hundreds digit of p?
5
Let a be ((-44)/(-5) + 2/10)*9. Let t = 68 - a. Let b(v) = -3*v - 20. What is the tens digit of b(t)?
1
Let j(z) = -z**3 + 10*z**2 + 6*z + 8. Suppose -2*f + 9 + 1 = 0. Suppose -4*h = -5*d - 32, -d + 40 = 5*h - f*d. What is the tens digit of j(h)?
8
Suppose -3*p = -2*g + 13969, 2*g - 2*p - 3440 - 10534 = 0. What is the hundreds digit of g?
9
Suppose 0 = -14*d + 28*d - 21784. Let w = d + -729. What is the hundreds digit of w?
8
Suppose 0 = 2*f - 2*n - 4, 2 = 4*f - 5*n - 1. Suppose 0 = f*q - 1896 + 293. What is the tens digit of q?
2
Let k be (-7)/2*25/(-35)*28. Let r be k + 3 + -3 + -4. Suppose 0 = 4*t - p - r, -36 = -5*t + 4*p + 52. What is the tens digit of t?
1
What is the thousands digit of (-3 - -2)*2378*8/(-16)?
1
Suppose -10*z = -37*z + 17145. Let g = 973 - z. What is the units digit of g?
8
Let n be (-507)/117*3*-1. Suppose -15*v + 72 = -n*v. What is the units digit of v?
6
Let v = 21361 - -2070. What is the hundreds digit of v?
4
Let o = -35 - -6. Let n = o + 34. What is the tens digit of (-8*n)/((-2)/4)?
8
Let w be (-51)/(-68) - (1 + 5/(-4)). Let y be ((-60)/(-3))/(w/(-57)*-3). What is the hundreds digit of y/3 + (-11)/(-33)?
1
Suppose 3*n + 6*n = 1674. Suppose 492 = 8*b - 548. Let o = n - b. What is the tens digit of o?
5
Let o(d) = -27*d**3 + 3*d**2 + 257 - 514 + 256. What is the hundreds digit of o(-2)?
2
Suppose 2*n + 37 + 91 = 0. Let i = 119 + n. Suppose 3*p - i = -4*h, 0*p - 3 = p - 4*h. What is the tens digit of p?
1
Suppose -4*l + 9033 = -5*o, 2*o + 13317 - 2013 = 5*l. What is the thousands digit of l?
2
Let o be (-5 + 1)*40/(-10). Let z(n) = -n + 21 + 22 - o + 2*n. What is the tens digit of z(5)?
3
Let h(q) = 5*q**3 + 2*q**2 + 11*q - 16. Let l(y) = -y**3 + y**2 - y - 1. Suppose 0 = 3*a + 55 - 37. Let b(t) = a*l(t) - h(t). What is th